{"id":302,"date":"2022-11-10T15:25:52","date_gmt":"2022-11-10T19:25:52","guid":{"rendered":"http:\/\/transparencia-hacienda.local\/?page_id=302"},"modified":"2025-12-31T09:30:09","modified_gmt":"2025-12-31T13:30:09","slug":"estructura-organica-de-la-institucion","status":"publish","type":"page","link":"https:\/\/www.hacienda.gob.do\/transparencia\/estructura-organica-de-la-institucion\/","title":{"rendered":"Estructura Org\u00e1nica de la Instituci\u00f3n"},"content":{"rendered":"<div style=\"width: 100%;\">\n<div style=\"position: relative; padding-bottom: 56.25%; padding-top: 0; height: 0;\"><iframe loading=\"lazy\" title=\"Organigrama Estructural del Ministerio de Hacienda\" frameborder=\"0\" width=\"3200\" height=\"1800\" style=\"position: absolute; top: 0; left: 0; width: 100%; height: 100%;\" src=\"https:\/\/view.genial.ly\/64b01ea200c1bb00191e5fba\" type=\"text\/html\" allowscriptaccess=\"always\" allowfullscreen=\"true\" scrolling=\"yes\" allownetworking=\"all\"><\/iframe> <\/div>\n<\/p><\/div>\n<div class=\"p-3 p-lg-5\">\n<h2 class=\"text-primary2\">Documentos<\/h2>\n<ul class=\"media-list small\">\n<li style=\"height:auto;\">\n    <a href=\"https:\/\/www.hacienda.gob.do\/transparencia\/wp-content\/uploads\/2025\/12\/Resolucion-Num.-226-2025-Hacienda-ocr.pdf\" target=\"_blank\" rel=\"noopener\"><br \/>\n      <img decoding=\"async\" class=\"thumb\" src=\"\/transparencia\/wp-content\/themes\/transparencia\/images\/icon-pdf.svg\"\n           alt=\"Icono de archivo PDF\" \/><\/p>\n<div class=\"info\">\n<h4>Resoluci\u00f3n N\u00fam. 226-2025<\/h4>\n<p><strong>Resoluci\u00f3n N\u00fam. 226-2025, que aprueba la Estructura Organizativa General del Ministerio de Hacienda y Econom\u00eda, y deroga la Resoluci\u00f3n n\u00fam. 092-2021 de fecha 11 de marzo de 2021 <\/strong> 6.1 MB | 30 diciembre 2025<\/div>\n<p> <\/a> <\/li>\n<\/ul>\n<ul class=\"media-list small\">\n<li style=\"height: auto;\"> <a href=\"\/transparencia\/wp-content\/uploads\/2023\/09\/Resolucion-Num.-182-2023-que-modifica-la-resolucion-num.-092-2021-que-aprueba-la-Estructura-Organizativa-General-del-Ministerio-de-Hacienda.pdf\" target=\"_blank\" rel=\"noopener\"><img decoding=\"async\" class=\"thumb\" src=\"\/transparencia\/wp-content\/themes\/transparencia\/images\/icon-pdf.svg\" alt=\" Icono de tipo de archivo\" \/>\n<div class=\"info\">\n<h4>Resoluci\u00f3n N\u00fam. 182-2023<\/h4>\n<p> <strong>Resoluci\u00f3n N\u00fam. 182-2023 que modifica la Resoluci\u00f3n n\u00fam. 092-2021, que aprueba la Estructura Organizativa General del Ministerio de Hacienda.<\/strong> 15834kb | 12 sept 2023 <\/div>\n<p> <\/a> <\/li>\n<\/ul>\n<ul class=\"media-list small\">\n<li style=\"height: auto;\"><a href=\"\/transparencia\/wp-content\/uploads\/2023\/07\/MOF-Ministerio-de-Hacienda-2023.pdf\" target=\"_blank\" rel=\"noopener\"> <img decoding=\"async\" class=\"thumb\" src=\"\/transparencia\/wp-content\/themes\/transparencia\/images\/icon-pdf.svg\" alt=\" Icono de tipo de archivo\" \/>\n<div class=\"info\">\n<h4>Manual de Organizaci\u00f3n y Funciones Ministerio de Hacienda<\/h4>\n<p> 1551kb | 28 abril 2023 <\/p><\/div>\n<p> <\/a><\/li>\n<li style=\"height: auto;\"><a href=\"\/transparencia\/wp-content\/uploads\/2023\/07\/Resolucion-num-155-2023-que-aprueba-la-2da-version-del-MOF-del-MH-refrendada-por-el-MAP.pdf\" target=\"_blank\" rel=\"noopener\"> <img decoding=\"async\" class=\"thumb\" src=\"\/transparencia\/wp-content\/themes\/transparencia\/images\/icon-pdf.svg\" alt=\" Icono de tipo de archivo\" \/>\n<div class=\"info\">\n<h4>Resoluci\u00f3n N\u00fam. 155-2023<\/h4>\n<p> <strong>Resoluci\u00f3n N\u00fam. 155-2023 que aprueba la 2da version del Manual de Organizaci\u00f3n y Funciones Ministerio de Hacienda refrendada por el MAP.<\/strong> 2977kb | 18 mayo 2023 <\/div>\n<p> <\/a><\/li>\n<li style=\"height: auto;\"> <a href=\"\/transparencia\/wp-content\/uploads\/2023\/03\/Resolucio\u0301n_nu\u0301m._092-2021_que_aprueba_la_estructura_general_del_MH-r.pdf\" target=\"_blank\" rel=\"noopener\"> <img decoding=\"async\" class=\"thumb\" src=\"\/transparencia\/wp-content\/themes\/transparencia\/images\/icon-pdf.svg\" alt=\" Icono de tipo de archivo\" \/>\n<div class=\"info\">\n<h4>Resoluci\u00f3n N\u00fam. 092-2021 Derogada<\/h4>\n<p> <strong>Resoluci\u00f3n N\u00fam. 092-2021, que aprueba la Estructura Organizativa General del Ministerio de Hacienda<\/strong> &nbsp; 3751 kb | 06 oct 2021 <\/div>\n<p> <\/a><\/li>\n<li style=\"height: auto;\"><a href=\"\/transparencia\/wp-content\/uploads\/2023\/03\/Resolucio\u0301n-Nu\u0301m.-194-2018-que-aprueba-el-MOF-del-Ministerio-de-Hacienda-.pdf\" target=\"_blank\" rel=\"noopener\"> <img decoding=\"async\" class=\"thumb\" src=\"\/transparencia\/wp-content\/themes\/transparencia\/images\/icon-pdf.svg\" alt=\" Icono de tipo de archivo\" \/>\n<div class=\"info\">\n<h4>Resoluci\u00f3n N\u00fam. 194-2018 Derogada<\/h4>\n<p> <strong>Resoluci\u00f3n N\u00fam. 194-2018 que aprueba el Manual de Organizaci\u00f3n y Funciones del Ministerio de Hacienda<\/strong> 1385 kb | 31 oct 2018 <\/div>\n<p> <\/a><\/li>\n<li style=\"height: auto;\"><a href=\"\/transparencia\/wp-content\/uploads\/2023\/03\/Res-194-2018-aprueba-MOF-MH-OAI-.pdf\" target=\"_blank\" rel=\"noopener\"> <img decoding=\"async\" class=\"thumb\" src=\"\/transparencia\/wp-content\/themes\/transparencia\/images\/icon-pdf.svg\" alt=\" Icono de tipo de archivo\" \/>\n<div class=\"info\">\n<h4>Manual de Organizaci\u00f3n y Funciones Oficina de Acceso a la Informaci\u00f3n P\u00fablica (OAI)<\/h4>\n<p> 1821 kb | 08 oct 2021 <\/p><\/div>\n<p> <\/a><\/li>\n<li style=\"height: auto;\"><a href=\"\/transparencia\/wp-content\/uploads\/2023\/09\/Organigrama_estructural_MH_Sellado_2023.pdf\" target=\"_blank\" rel=\"noopener\"> <img decoding=\"async\" class=\"thumb\" src=\"\/transparencia\/wp-content\/themes\/transparencia\/images\/icon-pdf.svg\" alt=\" Icono de tipo de archivo\" \/>\n<div class=\"info\">\n<h4>Organigrama Estructural Ministerio de Hacienda<\/h4>\n<p> &nbsp; 703 kb | 21 sept 2023 <\/p><\/div>\n<p> <\/a><\/li>\n<li style=\"height: auto;\"><a href=\"\/transparencia\/wp-content\/uploads\/2023\/03\/MH-2018-031219-SISMAP.pdf\" target=\"_blank\" rel=\"noopener\"> <img decoding=\"async\" class=\"thumb\" src=\"\/transparencia\/wp-content\/themes\/transparencia\/images\/icon-pdf.svg\" alt=\" Icono de tipo de archivo\" \/>\n<div class=\"info\">\n<h4>Actualizaci\u00f3n del Sistema de Monitoreo de la Administraci\u00f3n P\u00fablica (SISMAP)<\/h4>\n<p> 227 kb | 17 sep 2018 <\/p><\/div>\n<p> <\/a><\/li>\n<\/ul>\n<div class=\"text-right\" style=\"display: none;\"><\/div>\n<\/p><\/div>\n","protected":false},"excerpt":{"rendered":"<p>Documentos Resoluci\u00f3n N\u00fam. 226-2025 Resoluci\u00f3n N\u00fam. 226-2025, que aprueba la Estructura Organizativa General del Ministerio de Hacienda y Econom\u00eda, y deroga la Resoluci\u00f3n n\u00fam. 092-2021 de fecha 11 de marzo de 2021 6.1 MB | 30 diciembre 2025 Resoluci\u00f3n N\u00fam. 182-2023 Resoluci\u00f3n N\u00fam. 182-2023 que modifica la Resoluci\u00f3n n\u00fam. 092-2021, que aprueba la Estructura Organizativa [&hellip;]<\/p>\n","protected":false},"author":1,"featured_media":0,"parent":0,"menu_order":0,"comment_status":"closed","ping_status":"closed","template":"","meta":{"footnotes":""},"class_list":["post-302","page","type-page","status-publish","hentry"],"acf":[],"yoast_head":"<!-- This site is optimized with the Yoast SEO plugin v22.8 - https:\/\/yoast.com\/wordpress\/plugins\/seo\/ -->\n<title>Estructura Org\u00e1nica de la Instituci\u00f3n - Ministerio de Hacienda y Econom\u00eda<\/title>\n<meta name=\"description\" content=\"Accede a comunicados y publicaciones oficiales del Portal de Transparencia del Ministerio de Hacienda y Econom\u00eda.\" \/>\n<meta name=\"robots\" content=\"index, follow, max-snippet:-1, max-image-preview:large, max-video-preview:-1\" \/>\n<link rel=\"canonical\" href=\"https:\/\/www.hacienda.gob.do\/transparencia\/estructura-organica-de-la-institucion\/\" \/>\n<meta name=\"twitter:label1\" content=\"Est. reading time\" \/>\n\t<meta name=\"twitter:data1\" content=\"3 minutos\" \/>\n<script type=\"application\/ld+json\" class=\"yoast-schema-graph\">{\"@context\":\"https:\/\/schema.org\",\"@graph\":[{\"@type\":\"WebPage\",\"@id\":\"https:\/\/www.hacienda.gob.do\/transparencia\/estructura-organica-de-la-institucion\/\",\"url\":\"https:\/\/www.hacienda.gob.do\/transparencia\/estructura-organica-de-la-institucion\/\",\"name\":\"Estructura Org\u00e1nica de la Instituci\u00f3n - Ministerio de Hacienda y Econom\u00eda\",\"isPartOf\":{\"@id\":\"https:\/\/www.hacienda.gob.do\/transparencia\/#website\"},\"datePublished\":\"2022-11-10T19:25:52+00:00\",\"dateModified\":\"2025-12-31T13:30:09+00:00\",\"description\":\"Accede a comunicados y publicaciones oficiales del Portal de Transparencia del Ministerio de Hacienda y Econom\u00eda.\",\"breadcrumb\":{\"@id\":\"https:\/\/www.hacienda.gob.do\/transparencia\/estructura-organica-de-la-institucion\/#breadcrumb\"},\"inLanguage\":\"es-DO\",\"potentialAction\":[{\"@type\":\"ReadAction\",\"target\":[\"https:\/\/www.hacienda.gob.do\/transparencia\/estructura-organica-de-la-institucion\/\"]}]},{\"@type\":\"BreadcrumbList\",\"@id\":\"https:\/\/www.hacienda.gob.do\/transparencia\/estructura-organica-de-la-institucion\/#breadcrumb\",\"itemListElement\":[{\"@type\":\"ListItem\",\"position\":1,\"name\":\"Inicio\",\"item\":\"https:\/\/www.hacienda.gob.do\/\"},{\"@type\":\"ListItem\",\"position\":2,\"name\":\"Transparencia\",\"item\":\"https:\/\/www.hacienda.gob.do\/transparencia\/\"},{\"@type\":\"ListItem\",\"position\":3,\"name\":\"Estructura Org\u00e1nica de la Instituci\u00f3n\"}]},{\"@type\":\"WebSite\",\"@id\":\"https:\/\/www.hacienda.gob.do\/transparencia\/#website\",\"url\":\"https:\/\/www.hacienda.gob.do\/transparencia\/\",\"name\":\"Transparencia Institucional - Ministerio de Hacienda y Econom\u00eda\",\"description\":\"\",\"publisher\":{\"@id\":\"https:\/\/www.hacienda.gob.do\/transparencia\/#organization\"},\"alternateName\":\"Transparencia MHE\",\"potentialAction\":[{\"@type\":\"SearchAction\",\"target\":{\"@type\":\"EntryPoint\",\"urlTemplate\":\"https:\/\/www.hacienda.gob.do\/transparencia\/?s={search_term_string}\"},\"query-input\":\"required name=search_term_string\"}],\"inLanguage\":\"es-DO\"},{\"@type\":\"Organization\",\"@id\":\"https:\/\/www.hacienda.gob.do\/transparencia\/#organization\",\"name\":\"Ministerio de Hacienda y Econom\u00eda de Republica Dominicana\",\"alternateName\":\"MHE\",\"url\":\"https:\/\/www.hacienda.gob.do\/transparencia\/\",\"logo\":{\"@type\":\"ImageObject\",\"inLanguage\":\"es-DO\",\"@id\":\"https:\/\/www.hacienda.gob.do\/transparencia\/#\/schema\/logo\/image\/\",\"url\":\"https:\/\/www.hacienda.gob.do\/transparencia\/wp-content\/uploads\/2025\/09\/Logo-MHE.png\",\"contentUrl\":\"https:\/\/www.hacienda.gob.do\/transparencia\/wp-content\/uploads\/2025\/09\/Logo-MHE.png\",\"width\":696,\"height\":696,\"caption\":\"Ministerio de Hacienda y Econom\u00eda de Republica Dominicana\"},\"image\":{\"@id\":\"https:\/\/www.hacienda.gob.do\/transparencia\/#\/schema\/logo\/image\/\"},\"sameAs\":[\"https:\/\/web.facebook.com\/MinHaciendaRD\"]}]}<\/script>\n<!-- \/ Yoast SEO plugin. -->","yoast_head_json":{"title":"Estructura Org\u00e1nica de la Instituci\u00f3n - Ministerio de Hacienda y Econom\u00eda","description":"Accede a comunicados y publicaciones oficiales del Portal de Transparencia del Ministerio de Hacienda y Econom\u00eda.","robots":{"index":"index","follow":"follow","max-snippet":"max-snippet:-1","max-image-preview":"max-image-preview:large","max-video-preview":"max-video-preview:-1"},"canonical":"https:\/\/www.hacienda.gob.do\/transparencia\/estructura-organica-de-la-institucion\/","twitter_misc":{"Est. reading time":"3 minutos"},"schema":{"@context":"https:\/\/schema.org","@graph":[{"@type":"WebPage","@id":"https:\/\/www.hacienda.gob.do\/transparencia\/estructura-organica-de-la-institucion\/","url":"https:\/\/www.hacienda.gob.do\/transparencia\/estructura-organica-de-la-institucion\/","name":"Estructura Org\u00e1nica de la Instituci\u00f3n - Ministerio de Hacienda y Econom\u00eda","isPartOf":{"@id":"https:\/\/www.hacienda.gob.do\/transparencia\/#website"},"datePublished":"2022-11-10T19:25:52+00:00","dateModified":"2025-12-31T13:30:09+00:00","description":"Accede a comunicados y publicaciones oficiales del Portal de Transparencia del Ministerio de Hacienda y Econom\u00eda.","breadcrumb":{"@id":"https:\/\/www.hacienda.gob.do\/transparencia\/estructura-organica-de-la-institucion\/#breadcrumb"},"inLanguage":"es-DO","potentialAction":[{"@type":"ReadAction","target":["https:\/\/www.hacienda.gob.do\/transparencia\/estructura-organica-de-la-institucion\/"]}]},{"@type":"BreadcrumbList","@id":"https:\/\/www.hacienda.gob.do\/transparencia\/estructura-organica-de-la-institucion\/#breadcrumb","itemListElement":[{"@type":"ListItem","position":1,"name":"Inicio","item":"https:\/\/www.hacienda.gob.do\/"},{"@type":"ListItem","position":2,"name":"Transparencia","item":"https:\/\/www.hacienda.gob.do\/transparencia\/"},{"@type":"ListItem","position":3,"name":"Estructura Org\u00e1nica de la Instituci\u00f3n"}]},{"@type":"WebSite","@id":"https:\/\/www.hacienda.gob.do\/transparencia\/#website","url":"https:\/\/www.hacienda.gob.do\/transparencia\/","name":"Transparencia Institucional - Ministerio de Hacienda y Econom\u00eda","description":"","publisher":{"@id":"https:\/\/www.hacienda.gob.do\/transparencia\/#organization"},"alternateName":"Transparencia MHE","potentialAction":[{"@type":"SearchAction","target":{"@type":"EntryPoint","urlTemplate":"https:\/\/www.hacienda.gob.do\/transparencia\/?s={search_term_string}"},"query-input":"required name=search_term_string"}],"inLanguage":"es-DO"},{"@type":"Organization","@id":"https:\/\/www.hacienda.gob.do\/transparencia\/#organization","name":"Ministerio de Hacienda y Econom\u00eda de Republica Dominicana","alternateName":"MHE","url":"https:\/\/www.hacienda.gob.do\/transparencia\/","logo":{"@type":"ImageObject","inLanguage":"es-DO","@id":"https:\/\/www.hacienda.gob.do\/transparencia\/#\/schema\/logo\/image\/","url":"https:\/\/www.hacienda.gob.do\/transparencia\/wp-content\/uploads\/2025\/09\/Logo-MHE.png","contentUrl":"https:\/\/www.hacienda.gob.do\/transparencia\/wp-content\/uploads\/2025\/09\/Logo-MHE.png","width":696,"height":696,"caption":"Ministerio de Hacienda y Econom\u00eda de Republica Dominicana"},"image":{"@id":"https:\/\/www.hacienda.gob.do\/transparencia\/#\/schema\/logo\/image\/"},"sameAs":["https:\/\/web.facebook.com\/MinHaciendaRD"]}]}},"_links":{"self":[{"href":"https:\/\/www.hacienda.gob.do\/transparencia\/wp-json\/wp\/v2\/pages\/302","targetHints":{"allow":["GET"]}}],"collection":[{"href":"https:\/\/www.hacienda.gob.do\/transparencia\/wp-json\/wp\/v2\/pages"}],"about":[{"href":"https:\/\/www.hacienda.gob.do\/transparencia\/wp-json\/wp\/v2\/types\/page"}],"author":[{"embeddable":true,"href":"https:\/\/www.hacienda.gob.do\/transparencia\/wp-json\/wp\/v2\/users\/1"}],"replies":[{"embeddable":true,"href":"https:\/\/www.hacienda.gob.do\/transparencia\/wp-json\/wp\/v2\/comments?post=302"}],"version-history":[{"count":46,"href":"https:\/\/www.hacienda.gob.do\/transparencia\/wp-json\/wp\/v2\/pages\/302\/revisions"}],"predecessor-version":[{"id":20538,"href":"https:\/\/www.hacienda.gob.do\/transparencia\/wp-json\/wp\/v2\/pages\/302\/revisions\/20538"}],"wp:attachment":[{"href":"https:\/\/www.hacienda.gob.do\/transparencia\/wp-json\/wp\/v2\/media?parent=302"}],"curies":[{"name":"wp","href":"https:\/\/api.w.org\/{rel}","templated":true}]}}